j**2. Let z be y(-4). What is the highest common divisor of z and s?
21
Suppose 3*h = -4*r + 247 + 521, 4*r - 12 = 0. What is the highest common divisor of h and 168?
84
Suppose 14 = 3*f - s, -11*f = -8*f - 4*s - 20. Calculate the highest common divisor of f and 108.
4
Let a(g) = -g**3 - g**2 - 6*g - 8. Let f be a(-3). Let n(z) = 24*z - 2. Let b be n(3). What is the highest common divisor of f and b?
14
Let g be (16/(-12))/(1/6 + 0). Let w(d) = 4*d**2 + 7*d - 38. Let s be w(g). What is the greatest common factor of s and 54?
54
Let k(s) = -47*s - 142. Let r be k(-7). Calculate the greatest common factor of 11 and r.
11
Let w(d) = -d**3 + 2*d**2 + 4*d - 1. Let s be w(3). Suppose -b - s = -9. What is the highest common factor of b and 56?
7
Suppose 3 = 4*s + 15. Let b be (s - (5 + -3))/(-1). What is the greatest common divisor of b and 10?
5
Suppose 3*t - 5*k - 19 = 0, 3*t - 3 = 2*k + 19. Let z(d) = 4*d**2 - d - 1. Let u be z(-1). What is the highest common divisor of u and t?
4
Let k = -15 - -95. What is the greatest common factor of k and 96?
16
Let h = 85 - 34. Calculate the highest common divisor of 34 and h.
17
Suppose -4*q + 4707 = 2*y + 3*y, -3*q + 937 = y. Calculate the highest common factor of y and 23.
23
Let a(s) = -2*s**2 - 30*s - 12. Let k be a(-12). Calculate the greatest common divisor of k and 24.
12
Let c be 47/9 + 6/(-27). Suppose -1 = q - 4, 2*q - 22 = 2*l. Let s = c - l. What is the highest common factor of 117 and s?
13
Suppose 0*j = -3*k - 5*j + 6, k - 2 = -3*j. Suppose 0 = -3*m + k + 1. Calculate the greatest common factor of 8 and m.
1
Suppose -3*q + 37 = -80. What is the greatest common divisor of 26 and q?
13
Suppose 71*s + 2403 = 72693. Calculate the greatest common factor of s and 297.
99
Let n be (-130)/(-52)*778/5. Suppose 4*o + 3*h = 6*h + n, -94 = -o + 4*h. Let t = -2 + 16. Calculate the highest common divisor of o and t.
14
Let d(v) = 3*v - 4. Let z = -14 - -20. Let p be d(z). Suppose -n + 2*f + 1 = 0, -3*f - 2 = -4*n + 17. What is the greatest common factor of n and p?
7
Suppose -56*i + 60*i = 4. Let a be i/6 - (-8)/(144/1797). What is the greatest common factor of 40 and a?
20
Let r = 154 + -109. Suppose 143 - 71 = 4*z. Calculate the highest common factor of r and z.
9
Let z(n) = -4*n**3 + 7*n**2 - 14*n - 60. Let f be z(-5). Calculate the highest common divisor of 10 and f.
5
Suppose 2*y - 4 + 6 = 0. Let g(i) = -44*i**3 - i**2 + 2. Let j be g(y). What is the greatest common divisor of j and 9?
9
Let t be 3 + 31 + (-2)/1. Suppose -t = -r - 3*r. What is the highest common divisor of 20 and r?
4
Let h = 406 + -218. Calculate the greatest common divisor of h and 47.
47
Let b = 15 - 15. Suppose 0*m = 2*m - 4. Suppose 2*z + k = 5, b*k = -m*z + 2*k - 4. Calculate the highest common divisor of z and 3.
1
Suppose 5*f + 8 = -2*v - 12, 0 = -5*v - 5*f - 20. Suppose v = 7*s - 20*s + 143. Calculate the greatest common divisor of s and 55.
11
Suppose -3*p + 9 = -4*p. Let u be (p/27)/((-2)/270). What is the greatest common factor of 30 and u?
15
Let z = 159 + -147. Suppose 3*u + 4*x + 0*x = 27, -x = -2*u + 18. Let o = 9 + u. What is the greatest common factor of o and z?
6
Suppose 0 = w - 3*w - 4. Let n be 120/16 - (-3)/w. Calculate the highest common factor of n and 6.
6
Suppose 3*y + 9 = -3*o, -10 = y - 5*o + 5. Let c be y + 3 - 212/(-2). Calculate the highest common factor of c and 13.
13
Let b(z) = -z + 13. Let a be b(0). Let d = -277 + 151. Let p = d - -178. What is the highest common factor of a and p?
13
Let i = -2 + 2. Let c be (i + -22)*6/(-12). Suppose -2*r = -5*s + c, 0*s + 8 = -r + 3*s. Calculate the highest common factor of r and 14.
7
Suppose -n + 6 = n + 4*j, -2*n = 5*j - 1. Suppose 2*l = 9 - 1. Let c = n - l. What is the highest common divisor of c and 45?
9
Let h(u) = -u + 2*u + 4*u + 50 + 70. Let m be h(0). What is the greatest common factor of m and 12?
12
Let u be 112/3 + (-6)/(-9). Let m be 10/(-35) - (-1444)/7. Let c = m - u. Calculate the highest common factor of c and 24.
24
Let k = 114 + -79. Suppose 11 = 3*w + 2. Suppose 0 = 2*f + w*f - k. Calculate the greatest common factor of 49 and f.
7
Suppose 0 = 3*m - 49 + 37. What is the greatest common divisor of 72 and m?
4
Let v be (-120)/8*2/(-6). Calculate the greatest common divisor of v and 335.
5
Let o(j) = j**3 + 39*j**2 - 40*j + 55. Let a be o(-40). Calculate the highest common factor of a and 187.
11
Let m be ((-91)/39)/((-21)/54). What is the highest common divisor of m and 618?
6
Let y be 5*3/(3/2). Let a be ((-16)/56)/((-2)/14) + 8. What is the greatest common factor of y and a?
10
Let g = -26 - -24. Let p be 221 + g/(-3 - -5). What is the highest common divisor of 20 and p?
20
Let b = 9 - -1. Suppose -4*y = 4*t - 1616, -y = 2*t - 290 - 518. Suppose 2*r + h - 188 = -2*h, h + t = 4*r. Calculate the greatest common factor of r and b.
10
Let s be ((-18)/45)/(2/(-60)). Let p be -6*(-1)/(s/16). Suppose 2*f = -3*i + 58 + 82, -4*i = -2*f + 112. Calculate the greatest common factor of f and p.
8
Suppose -3*u + 2*u - 4*k + 320 = 0, 2*u = -k + 605. Calculate the highest common divisor of 12 and u.
12
Suppose -3*u = -u - 144. Suppose -14*x = -10*x - u. What is the highest common factor of 2 and x?
2
Let n be (-6)/12 - 1/2. Let y(i) = -23*i**3 - i**2 - i - 1. Let v be y(n). Let o = -9 + v. Calculate the greatest common factor of 65 and o.
13
Suppose -4*g = g. Let s be (-32)/24*(g - 90). Calculate the highest common factor of 15 and s.
15
Let x = 374 + 56. Calculate the greatest common divisor of 129 and x.
43
Let r(v) = v**3 - 3*v**2 - 11*v + 6. Let f be r(5). Suppose 0 = 5*n - f - 49. Let l be 20*1*(-2)/(-4). Calculate the greatest common factor of l and n.
10
Let a = -357 - -369. Calculate the highest common factor of 9 and a.
3
Let o = -79 - -82. Suppose -4*g = n - 65, -n - o*g + 58 + 2 = 0. What is the highest common divisor of 180 and n?
45
Let t(u) = 5*u**2 - 3. Let n(r) = 4*r**2 - 4. Let z(o) = 2*n(o) - 3*t(o). Let x be z(-2). Let i = x - -38. What is the highest common divisor of i and 121?
11
Let d be -36*9/(-18)*(-14)/(-6). What is the greatest common divisor of 602 and d?
14
Let k(n) = -32*n - 324. Let v be k(-17). Calculate the highest common factor of v and 40.
20
Let o = 5 - 10. Let s be 6/((60/(-16))/o). Suppose 0 = -0*y + 4*y - 64. Calculate the highest common divisor of y and s.
8
Suppose -5*c - 3*d = 2*d - 710, 582 = 4*c - 3*d. What is the highest common factor of 918 and c?
18
Let o = -22 - -12. Let d(f) = f**2 + 9*f + 9. Let r be d(o). Suppose -4*v = -r - 37. Calculate the highest common factor of v and 154.
14
Let t be 31/((-36)/8 - -4). Let h = t - -74. Calculate the highest common factor of 36 and h.
12
Let m(j) = j**2 + 24*j + 5. Let v be m(-24). Suppose -745 = -5*c - v*y, c = -3*y + 95 + 44. What is the greatest common divisor of 14 and c?
14
Let b be (-30600)/(-1170) - (-2)/(-13). Calculate the greatest common factor of b and 4.
2
Suppose 45 = 39*o - 36*o. Let j = o + 15. What is the highest common factor of 30 and j?
30
Let q be 2607/(-9) - (-8)/12. Let r be 3/6 + q/(-2). Calculate the highest common divisor of r and 58.
29
Let w(v) be the third derivative of -v**4/12 + 5*v**3/6 + 7*v**2. Let c be w(-5). What is the highest common factor of 165 and c?
15
Let l be ((-767)/(-78))/(2/12). What is the highest common divisor of l and 649?
59
Suppose -2*j = 5*x + 71 - 201, 115 = 5*x - j. Suppose 4*q = -4 + 100. What is the greatest common factor of q and x?
24
Let h be 51/85*250/2. Let r be ((-42)/7 - 9)*-1. Calculate the greatest common divisor of r and h.
15
Let v = 28 + 5. Suppose -3*k + v = -0*k. Calculate the greatest common factor of 22 and k.
11
Let j(n) = n**3 + 69*n**2 + 197*n - 64. Let b be j(-66). Suppose 2*l = 2 + 34. Calculate the highest common factor of l and b.
2
Suppose 0 = -k - 2*k + 1710. Suppose 147 = 5*c - 2*g - 563, 4*c - 2*g = k. Let p = 141 + -85. What is the greatest common divisor of p and c?
28
Let f(o) be the second derivative of o**3/3 - 2*o**2 - 13*o. Let v be f(7). Calculate the greatest common factor of 5 and v.
5
Suppose -7*k + 2*k - 5*s = -190, -66 = -2*k + 3*s. Let z = -12 - -24. What is the highest common divisor of k and z?
12
Let h(o) = -o**2 + 5*o + 240. Let s(l) = l**3 + 3*l**2 - l - 3. Let k 